).
-56
Evaluate 60 + (-10 - -21) + (-113 - -78).
36
85 - ((-161 - -119) + 49)
78
Evaluate 2982 + -3001 + 2 + 102 + (2 - (-6 + -2)).
95
Evaluate -44 + 12 + -2 - -78.
44
Calculate 2 + 20 + -30 - -21 - (-2 + -4 + -106).
125
What is -14 - (14 + (14 - 176) + (62 - 44))?
116
Calculate -323 + 303 - (2 - 2).
-20
What is the value of (2 + -1 - 2) + 2 + (11576 - 11565)?
12
What is 16 - (43 + -7) - -6?
-14
Evaluate 30 + -74 - -29 - -2.
-13
What is the value of -7 - (-4 - (17 - 0)) - 21?
-7
1 + (1 - 14) + 40 + -15 - 8
5
What is -48 + 33 + -61 - -145?
69
Evaluate 34 + 88 + -59 - 86.
-23
What is (18 + -11 - 20) + 19 + -4 + 57?
59
Calculate -23 + -9 + (61 - (23 - -35)).
-29
-12 + (-9 - (1 + 8 + -1 + -13))
-16
Calculate -11 - (-8 + (10 - ((-6 - -6) + 3)) + -2).
-8
586 + -445 + (-20 - 3) + 12
130
(1814 - 1871) + 128 + 0
71
Evaluate (148 - (-141 + 334)) + (-1 - -105).
59
-9 - (-1 - (-2 - (9 - 22))) - 9
-6
What is 82 - 20 - (-20 + 4 + 12 + -5)?
71
(-110 - 10) + 107 + 39
26
(-2 - 0 - -5) + (66 - 24 - 55) + 64
54
What is the value of 24 - (26 + -54) - 101?
-49
What is 10 + (4 - 1) + 1 + -2 + (-69 - -59)?
2
Evaluate 31 + -12 + (10 - -9) + (2 - 15).
25
-5 - (1 + -29 + (-5 + 5 + -13 - -21))
15
Calculate (-1 - -2 - 26) + -11899 + 11890.
-34
Evaluate 6 + (40 - 17 - -17).
46
(23 - (2 - (23 + -32))) + 11
23
Calculate 0 + 7 + (73 - (-50 - -55)).
75
Evaluate (-41 - -76) + -32 + 59.
62
-37 + -1 - (21 + -2 + (86 - 104)) - -5
-34
Calculate (-39 - -46 - 93) + 238.
152
What is the value of -41 + -12 + -12 + 25 + 12 + -8?
-36
What is the value of -8 + 16 + -1 + 3 + 4?
14
Evaluate 21 - (11 + -4) - (-34 + (14 - 11)).
45
53 + (-39 - 25 - 57)
-68
Calculate (100 - 120) + 47 - (-28 + 2).
53
(-139 - -86 - -9) + 0
-44
What is 3 + (-7 - -6 - (43 - (1 - 1 - 0)))?
-41
Evaluate 30 - (57 - 43) - 41.
-25
Evaluate 1 - -17 - (-13 - (40 - 53)).
18
Calculate -13 - ((2 - -10) + 45 + -31 + 19).
-58
What is 48 + 5 + (2 - (20 + -11)) - -14?
60
What is -139 - (10 - (37 - (14 + (-26 - -19))))?
-119
What is -42 + (-3 + 2 - 9 - -13) + -6?
-45
What is the value of (0 - 92) + (29599 - 29551)?
-44
What is the value of -7 + -73 + 6 - ((-64 - -98) + -37)?
-71
(5 - 6 - (2 + 3 + -12 + 4)) + -38
-36
What is the value of 40 + (-31 - -25) + (3 - 5) + -11?
21
Calculate 44 + (-47 - 14 - -53) + (-1 - 3).
32
Evaluate -29 + -1 + (-3918 - -3914).
-34
(7 - 1) + 16 + -18 - (1261 - 1273)
16
What is the value of 33 - (-13 - (26 - (-11 - -5)))?
78
What is 39 - (95 - (-26 + 52))?
-30
What is 412 + -398 - (-7 + 108)?
-87
4 + 43 + -5 + -24 - 44
-26
What is the value of (0 - -3) + 39 + -8 + (28 - 20)?
42
What is the value of 119 + 7 + -51 + -26?
49
What is the value of 10 - (-31 + 31 - 13 - (28 - 1) - -8)?
42
Evaluate -56 + (12 - 42 - -11) + 24.
-51
What is -14 - (-1 + 0) - (22 - 5)?
-30
Calculate 27 - ((306 - 141) + (-38 - -4)).
-104
10 + 40 + (-1 - 15 - -8)
42
47 - (72 + (-34 - -23))
-14
-33 + (10 + (20 - 8) - -2)
-9
What is -3 - 1 - ((14 - 42 - -23) + 16 + -1)?
-14
(-4 - 11 - -8) + -1 + 20 + -11 + 12
13
(12 - (3 - (22 + -31)) - (38 + -1)) + 9
-28
What is the value of 9 + (79 - 16) + (-29 - -11)?
54
-7 - (3 + -34 + -4 - (24 + -4 + -29))
19
91 + -51 - (34 + -2)
8
Calculate 19 + -27 + (1 - -14) - (-28 - -68) - -10.
-23
-2 + 1 + (-15 - (3 + -25)) - -11
17
Calculate -77 + 1 - (2655 - 2631).
-100
(4 + -24 - -3) + (992 - 979)
-4
What is the value of (32 - -10) + -61 + 51 + -2?
30
What is the value of 104 - (26 + (-5 - (-34 - -32)))?
81
Calculate -2 + (-2 + -89 + -26 - (9 + -10)).
-118
Calculate -1 + -1 + (-13 - 6) + -49 - -14.
-56
What is the value of 5 + -3 + 0 - (-180 - -246)?
-64
11 - 5 - (-1 - -10) - (-27 + 56)
-32
What is (-16 - 2) + 1 - (21 - -3)?
-41
What is 13 - (-7 - (6 + -3 + -16))?
7
(-19 + (9 - -7) - 3) + 13
7
-624 + 632 - (-18 - -3)
23
What is the value of 0 + (-3 - (-6 + -2 - 5)) + -46?
-36
Evaluate -3 - (-12 + (25 - 36 - (-39 + 3)) + 55).
-71
What is the value of -10 + 0 - (-31 + (15 - 26))?
32
What is the value of 1003 + -936 - (32 + 4)?
31
Calculate ((-17 - -6) + -112 - -37) + 0.
-86
What is -39 + -21 + (-12 - (-37 + 1))?
-36
What is the value of -16 + -11 + 21 - (-29 + 7 + 1)?
15
Evaluate -62 - ((-28 - -16) + 31 + -17 + (-5 - -1)).
-60
What is the value of 111 - (-42 - (-72 + -60))?
21
Evaluate (-1 + 5 - 3) + 35 - (1715 - 1698).
19
Evaluate (-1 - (-2 + 2) - 0) + 23972 + -23921.
50
28 - (17 + 22) - (22 + -3 + -2)
-28
-32 + (-8 - -3) + (694 - 701)
-44
What is (5 - 17) + (-39 - -16) + -1?
-36
What is 0 + 25 - (9 + 14 - -5)?
-3
What is (-1 + -14 - 73) + (40 - 19)?
-67
What is 19 - -2 - (6 - (4 + (16 + -13 - 13)))?
9
Calculate -3 + 28 + 1 + 1795 + -1697.
124
-33 + 21 - -9 - (1 - 31) - (7 + -6)
26
What is (0 - 6) + 0 + 11 - (-7 + 17 + -20)?
15
Calculate -2 + (7 - 14 - (-3 - 32)) - -12.
38
Evaluate -90 - (29 - 82) - -33 - (3 - (3 - 6)).
-10
Evaluate 34 - (117 - 11 - (55 - 63)).
-80
Calculate (0 - ((-14 - -6) + 6)) + (-17 - -67) + -64.
-12
What is the value of (0 - -35) + (11 - (19 + 9))?
18
Calculate 70 + -31 + 32 + (2 - 1 - 4) + 1.
69
What is the value of (2 + 0 - (-44 + 23 + 31)) + 4?
-4
Evaluate 94 + (-87 - (-172 - -87)).
92
Evaluate -12 + 0 + -20 + -24 + -17 + -29 + 31.
-71
Calculate (-39230 - -39252) + -1 + 1 + -95.
-73
What is -76 + (4 - (-13 + 7) - 10 - 5 - 1)?
-82
Evaluate (-7 - -14 - 0) + -1 + (-4 - (9 + -65)).
58
What is the value of 81 + 3 + -920 + 881?
45
What is the value of -8 + 12 + -13 - -30 - (-15 - -9)?
27
(14 + -11 - -12 - 10) + 15 + 5
25
What is 164 + -71 + -80 + 2 + (1 - 1) + -61?
-46
Evaluate -1710 + 1713 + (17 + -21 - (4 + -1 - -1)).
-5
What is the value of -22 + (11 - 3) + (9 - 21) + -4?
-30
24 - (15 + -34 + 35 + -15)
23
Calculate -2 + 7 + -11 + -2 + (-30 - (-93 - -32)).
23
What is -53 + (-106 - -155) - 9?
-13
4 + (-32 + 4 - (4 - 16)) + 50
38
Evaluate -25 + 1 + (-11 - -24 - 36) + 28 - -10.
-9
Evaluate -36 + (-6 - (-10 - -12)) + -6 + 20.
-30
What is the value of -4 + 5 - 5 - (0 + (5 - 0) + -60)?
51
What is the value of -121 + 79 - (29 + -30 - (4 + 1 + -2))?
-38
What is (-1 - 4) + 4 + (-32 + 79 - 21)?
25
What is 58 + (-44 - -69 - 98)?
-15
Evaluate -23 + -65 + 43 + 61.
16
What is the value of 1502 + -1484 - (20 + (-4 - (-4 - 4)))?
-6
What is the value of (26 - (41 - 27 - -9) - (-2 + 0)) + -3?
2
-44 + 26 + -105 + 46 + 9 + -1
-69
(34 - (7 - 15) - 0) + -21 + 2
23
Evaluate -66 + -16 + 38 + -32 + 9.
-67
What is the value of 48 + (26 - 12) + 36 + (-2 - 6)?
90
Calculate (-13 - (-2 + (2 - 10))) + (-7 - -6) - 7.
-11
Evaluate 12 + -1 + (23 - (82 - 37)) - (-55 - 1).
45
-4 - ((-5 - 40 - -53) + 1 + -17)
4
Evaluate -194 + 68 + 159 + -103.
-70
-22 + (-6 + -163 + 37 - -36)
-118
Calculate 29 - (40 - (-39 + 39)).
-11
Evaluate (-26 - -10) + 19 + 6 + (1 - -3) - 8.
5
Evaluate -52 + 34 + -115 + 61.
-72
Calculate (48 + 56 - 93) + (1 - 7) + -33.
-28
Calculate -14 + (8 - -1) + 39 + 57.
91
-149 - ((9 + -30 - -1) + -9 + 18)
-138
What is (101 - (-12 + 57)) + (6 - 6)?
56
Calculate 46 + (30 - 44) + 11 + 53.
96
(4 - 2) + -80 + -170 + 250
2
3 + -10 - (-23 + -8 + 16 - -30)
-22
(1 - 6) + 190 + -162
23
-8 - 0 - (6 - 7) - (246 - 158)
-95
37 - (21 - (-82 - -57))
-9
Calculate 6 - 24 - (-2 + -15 + 18).
-19
What is the value of -1 + (-16 - -26) + -13 + 11 + -27?
-20
What is the value of -2 + -13 + 66 + (8 - 4) + 8 + -2?
61
Evaluate 22 - (-39 + 2 + 42).
17
Evaluate (41 - 32) + (6 - -6) + -22 + 51.
50
-45 + (62 - 42) + -9
-34
Evaluate -5 - (1 + 26 + -63).
31
Evaluate 0 + (-92 - -96) + (47 - 4 - 3).
44
Evaluate 0 + (10 - -4) + -2 + (21 + -98 - -69).
4
-19 - (72 + (-166 - -20))
55
Calculate ((-8 - 29) + 21 - -28 - -10) + -64.
-42
Calculate -21 - -9 - ((24 - -3) + (-5 - -3)).
-37
(-36 + -87 - (-46 + 1)) + 43
-35
Calculate 15 + (15 - 11 - 8) + -25 + -1 - 0.
-15
Calculate (598 - 582) + (15 - 146).
-115
Calculate -32 + (-24 - (-39 + 16)) - -75.
42
What is the value of (0 - 46) + (16199 - 16242)?
-89
What is the value of 40 - (39 - 47) - 82?
-34
Evaluate (-8 - (-5 - -2)) + (7 - (-36 + 1 + 6)).
31
What is 15 - (-47 + 38) - (0 + -26)?
50
What is (-57 - (-71 + 2)) + 0 + -73 + -2?
-63
What is 2 - (37 + (-53 - -12))?
6
68 + -99 + -18 + 51
2
Calculate 38 + -65 + 85 + 23.
81
Calculate (-5 - 32) + -36 + (48 - -9).
-16
(2 - 0 - (-5 + 26 - 7)) + -22
-34
What is -2 + (-23 - (20 + 6) - (-7 + 8 - 8))?
-44
Evaluate 2 - -10 - (-123 + 2 + (8 - 8) + 0).
133
Cal